 - 18. Let j = g - -23. Suppose -j*v + 49 + 23 = 0. What is the units digit of v?
8
Let a be ((-1)/2)/(1/(-12)). Let r be 1 + (7 - 4)*94. Suppose a*x - 65 = r. What is the tens digit of x?
5
Let c be 0 + -4 + (5 - -39). Suppose 2*t - q = 3*q + c, 98 = 4*t + q. Suppose 0*b + t = 2*b. What is the tens digit of b?
1
Let v(y) = 2*y**2 - 3*y + 3. Let j be v(1). Suppose -s = j*t - 40, 0 = 3*t - 0*t - 6. What is the units digit of s?
6
Suppose 0 = -23*x - 61*x + 83160. What is the tens digit of x?
9
Suppose -29*z = 29*z - 231710. What is the hundreds digit of z?
9
Let k(a) be the second derivative of -7*a**3/3 + 17*a**2 - 4*a - 8. What is the tens digit of k(-7)?
3
Let i = 79 - 143. What is the units digit of -6 - i - (-1 + 4)?
5
Suppose 0 = 25*v - 12572 - 24428. What is the thousands digit of v?
1
Let v = 9 + -11. Let m(f) = -26*f - 10. What is the tens digit of m(v)?
4
Let k = -1104 + 1957. What is the units digit of k?
3
Let h = -73 - -121. Let l = 71 + h. What is the units digit of l?
9
Suppose 0 = -5*d - 4*n - 24, 2*d - 3*d + 4*n = 0. Let p be ((-4)/(-8))/(2/d). What is the tens digit of p + 46*4/8?
2
Let j(q) be the second derivative of -5*q**3/3 + 5*q**2 - 13*q. What is the tens digit of j(-2)?
3
Let p = -10 - -10. Suppose 2*x + 6*x - 336 = p. What is the tens digit of x?
4
Suppose 2 + 4 = 3*b. Suppose 0 = -7*k + 3*k - 64. What is the units digit of (k/b)/(-4) + 0?
2
Let o(a) = -a**2 + 17*a - 9. Let f be o(9). Suppose -3*z - f = -420. What is the hundreds digit of z?
1
Let y(s) = -s**3 + 6*s**2 - 5*s + 2. Let o be y(5). Let l be (o/(-4))/(1/(-18)). Let c = -4 + l. What is the units digit of c?
5
Let l be -2 - (-4 - -2)*3. Suppose 3*h = -2*c + 80 + 255, l*c = 4*h - 440. Suppose 2*q - q + h = 2*p, -5*q + 240 = 5*p. What is the units digit of p?
3
Let m(w) = -w**2 + 18*w + 9. Let d be m(13). Suppose d + 334 = 6*i. What is the tens digit of i?
6
Let i(o) = 10 + 1 + 4*o + 1 - 3. What is the tens digit of i(7)?
3
Suppose 0 = -2*t + 3 + 7. Suppose t*c = 2*c + 111. What is the units digit of c?
7
Let m(r) = r - 12. Let s be m(18). What is the tens digit of 3*4/s - -42?
4
Suppose -4*g - 405 = -5*x, -5*x - 6*g + 410 = -9*g. What is the tens digit of x?
8
Let r = 36 - 34. Suppose -51 - 79 = -r*s. What is the tens digit of s?
6
Let k(n) = -56*n + 2. Suppose 4 = 3*m + 1. Let w be k(m). What is the units digit of (-9)/w - 11/(-6)?
2
Let y(q) = 12*q**2 - 43*q + 9. What is the units digit of y(10)?
9
Suppose 0 = 5*x - 2*x - 576. Let v = x + -21. Suppose 3*g - 141 = -4*z, 3*z = -z + 3*g + v. What is the units digit of z?
9
Let s(t) = -t - 3. Let y be s(-7). Suppose 3*r + 6 = -2*u + 22, y*u = r + 18. Suppose p = 4*z, z = -u*p + 2*z + 95. What is the tens digit of p?
2
Let z(x) be the second derivative of -x**5/20 + 7*x**4/6 - x**3/2 - x**2/2 - 12*x. What is the tens digit of z(12)?
5
Let x(g) = g**2 - 32*g - 126. What is the tens digit of x(-22)?
6
Let w(q) = -10*q. Let n be w(-7). Suppose 5*u = -x + 284 + n, 0 = -u - 3*x + 68. What is the units digit of u?
1
Let j(d) = 11*d**2 - 4*d - 118. What is the tens digit of j(-16)?
6
Suppose 0 = -3*u + 7 + 17. Suppose 5*h = 9*h - u. Suppose -10 = -2*w - 3*m, h*w - m + 1 = 19. What is the units digit of w?
8
Suppose 2*i = -5*y - 11, -2*i + 3*i - 3*y = 22. Suppose 6 = i*d + 160. Let k = d + 79. What is the tens digit of k?
5
Let p(v) = v**3 + 5*v**2 - 4*v - 6. Let d be ((-6)/10 + 1)*5. Suppose 3*k + 5*n + 10 = 0, k + 3 - d = -4*n. What is the units digit of p(k)?
4
Suppose -2412 = -4*p + 2*l, -2*l + 0*l = -p + 609. What is the hundreds digit of p?
6
Let y be (0 - 0) + 1490/5. Let p = y + -168. What is the units digit of p?
0
Let l(d) = d**3 + 17*d**2 + 17*d + 19. Let o be l(-16). Let t be (o/6)/(4/16). Suppose n - t = -0. What is the units digit of n?
2
Suppose 8*p - 48 - 144 = 0. Let x(a) = a**3 + 6*a**2 + 4*a - 5. Let z be x(-5). Let c = z + p. What is the units digit of c?
4
Let i = -58 + 113. Suppose -g + 69 = -0*g + 5*r, -g = -2*r - i. What is the tens digit of g?
5
Suppose 79*c - 1729 = 78*c. Suppose -22*q + 29*q = c. What is the tens digit of q?
4
Suppose -3*c - 35 = 4*n, 5*n - 43*c + 43 = -46*c. Let r(h) = h**2 + 7*h - 1 - 3*h + 2. What is the tens digit of r(n)?
3
Let x = 98 - 96. Let l be ((-255)/12)/(1/4). What is the units digit of l/(-10)*4/x?
7
Let s = -35 - -184. Suppose -g + s = 128. What is the units digit of g?
1
Suppose -3*l + 2*l - 2*m = -6, 5*m = -10. Let d be (49/2)/(l/20). Suppose 0 = 3*x - d + 10. What is the tens digit of x?
1
Let s(g) = -31*g - 3. Let z = -24 + 20. What is the units digit of s(z)?
1
Let j be 201 - -5 - (2/(-2) - 0). Suppose -j = -3*o + 3*t - 2*t, -o - 2*t = -76. What is the units digit of o?
0
Let l(k) = k**2 + 2*k. Let y be (3/(-12))/((-2)/8). Let a = y - 4. What is the units digit of l(a)?
3
Let j be (2 - 1/1) + (13 - 9). What is the tens digit of j/(-10)*(0 + 6) + 32?
2
Let t = -46 - -48. Suppose -223 = -t*d + 2*y - 3*y, -5*d + 547 = -y. What is the units digit of d?
0
Let d(u) = 26*u + 627. What is the units digit of d(0)?
7
Let s(c) = -3*c - 4. Let k be s(-2). Suppose -4*m = -k*m + 10. What is the tens digit of 18/(m/(160/(-12)))?
4
Let o = 1708 - -3940. What is the units digit of o?
8
Let t = 121 - -1028. What is the tens digit of t?
4
Let w(k) = -k**3 + 11*k**2 - 11*k + 12. Let p be w(9). Suppose -p = -5*o - 5*z, -6*o = -5*o - 3*z - 19. What is the units digit of o?
6
Let w = 6 - -2. Let u be -2 + -1 + w + -11. What is the tens digit of (-4)/(-6) - 146/u?
2
Suppose -445*t + 27000 = -437*t. What is the thousands digit of t?
3
Suppose -4*g + g = -2*w - 6, -g = w - 7. Suppose -3*n + 4*n = -w. What is the units digit of 18 - 6/n*-1?
6
Let j(d) = d**2 - 83. What is the units digit of j(28)?
1
Suppose a - 6 = -4*c + 2, -47 = -4*a - c. Let q be (a - 0)*(-130)/(-8). What is the units digit of q/18 - (-4)/24?
1
Let j = 1354 + -846. What is the tens digit of j?
0
Let q = -13 - 77. Let n = q - -193. What is the tens digit of n?
0
Suppose 4*r + 5 + 3 = -4*t, 5*t - 4*r = -46. Let b = -4 - t. Suppose -33 = b*i - 79. What is the tens digit of i?
2
Let l = 2987 - 828. What is the units digit of l?
9
Suppose 7*a + 120 = 12*a. Let c(p) = -p**3 + 23*p**2 + 29*p - 31. What is the units digit of c(a)?
9
Let g = -238 + 554. What is the tens digit of g?
1
Let b be -3 + 1 + (-2 - -469). What is the units digit of (6/4)/(b/(-156) - -3)?
8
Suppose 0 = 4*l - 3*c - 5328, -4*c = -l + 2028 - 709. What is the hundreds digit of l?
3
Suppose 2*f - y - 3357 = 0, 5*f - 5*y + 5055 = 8*f. What is the tens digit of f?
8
Suppose -9 = 4*y + 15. What is the units digit of y/(-4) - 1744/(-32)?
6
Let k(r) = -r**3 + 3*r**2 + 4*r + 6. Let c be k(4). Suppose -12 = -4*y, -8*y + c*y - 274 = -5*z. What is the units digit of z?
6
Let h(f) = 4*f + 19. Let m be h(7). What is the units digit of m - (-1 + (-2)/2 - -1)?
8
Let b(j) = j**3 + 6*j**2 + 3*j + 10. Let x be b(-6). Suppose -11 = 5*n + 19. Let o = n - x. What is the units digit of o?
2
Let q be (-9)/(-3 - (-180)/56). Let m be ((-1)/(-2))/((-3)/q). Suppose -2*w - 85 = -m*w. What is the tens digit of w?
1
Suppose -203*s - 2140 = -205*s. What is the units digit of s?
0
Let x(n) = -16*n. Suppose -60 = 3*d - 45. What is the tens digit of x(d)?
8
Let c(r) = -r**3 + 6*r**2 - 75*r + 429. Let o be c(6). Suppose -4*f + 2 = 3*g - 55, 2*g + 2 = 0. What is the tens digit of (-7)/o*2*f?
1
Let h be (-3837)/(-12) + (-1)/(-4). Let y = h - 192. What is the units digit of y?
8
Let w(z) = -z + 8. Let t be w(7). Let x(u) = u. Let d(g) = -g**2. Let k(p) = -22*d(p) - 2*x(p). What is the tens digit of k(t)?
2
Let p = -668 + 982. What is the tens digit of p?
1
Let x(d) = -2*d**3 - 8*d**2 + 15*d - 34. What is the hundreds digit of x(-8)?
3
Suppose -26 + 11 = 5*x. Let i be ((-2)/6)/(x/45). Suppose -2*c - i*l + 44 = 0, -8 = 4*l - 0. What is the tens digit of c?
2
Let s = 7 + -5. Let l be (4/6)/(s/99). Let q = 49 - l. What is the tens digit of q?
1
Let t(y) = y**3 - 8*y**2 + 8*y + 1. Let s be t(7). Let m(x) = -x**3 + 9*x**2 - 11*x + 5. Let n be m(s). What is the units digit of 0 - n - (-2 - -4)?
7
Let i(p) = 108*p + 64. Let z be i(6). Suppose 0 = 12*s - z - 1280. What is the hundreds digit of s?
1
Suppose 0 = -x + 4*s - 20, -5*s + 23 = -4*x + 3*x. What is the tens digit of 6/x + (-2 - 1356/(